{"id":6831,"date":"2022-03-18T12:43:19","date_gmt":"2022-03-18T10:43:19","guid":{"rendered":"https:\/\/mobilitatechisinau.md\/?page_id=6831"},"modified":"2023-05-03T23:41:30","modified_gmt":"2023-05-03T21:41:30","slug":"suburbii","status":"publish","type":"page","link":"https:\/\/mobilitatechisinau.md\/?page_id=6831","title":{"rendered":"Suburbii"},"content":{"rendered":"\t\t<div data-elementor-type=\"wp-page\" data-elementor-id=\"6831\" class=\"elementor elementor-6831\">\n\t\t\t\t\t\t<section class=\"elementor-section elementor-top-section elementor-element elementor-element-402e56f6 elementor-section-boxed elementor-section-height-default elementor-section-height-default default-style\" data-id=\"402e56f6\" data-element_type=\"section\" data-settings=\"{&quot;rt_color_sets&quot;:&quot;default-style&quot;}\">\n\t\t\t\t\t\t<div class=\"elementor-container elementor-column-gap-default\">\n\t\t\t\t\t<div class=\"elementor-column elementor-col-100 elementor-top-column elementor-element elementor-element-1222725e\" data-id=\"1222725e\" data-element_type=\"column\">\n\t\t\t<div class=\"elementor-widget-wrap elementor-element-populated\">\n\t\t\t\t\t\t<div class=\"elementor-element elementor-element-3fb90156 elementor-widget elementor-widget-rt-blog\" data-id=\"3fb90156\" data-element_type=\"widget\" data-widget_type=\"rt-blog.default\">\n\t\t\t\t<div class=\"elementor-widget-container\">\n\t\t\t\n<div id=\"blog-dynamicID-272896\" class=\"blog_list clearfix fixed_heights\" data-column-width=\"3\">\n<div class=\"row clearfix\">\n<article id=\"9084\" class=\"col col-sm-4 post-9084 post type-post status-publish format-standard has-post-thumbnail hentry category-suburbii\"><div class=\"post-content-wrapper boxed\">\n \n\n<!-- blog box-->\n\t\t\t\t<figure class=\"featured_image featured_media\">\n\t\t\t<a href=\"https:\/\/mobilitatechisinau.md\/?p=9084\" title=\"Repara\u021bia drumurilor de acces spre suburbiile Capitalei\" class=\"imgeffect link featured_image\"><img fetchpriority=\"high\" decoding=\"async\" src=\"https:\/\/mobilitatechisinau.md\/wp-content\/uploads\/2022\/12\/3-1-480x316.jpg\" alt=\"\" class=\"\" width=\"480\" height=\"316\" \/><\/a>\t\t\n\t\t<\/figure> \n\t\t\n\t\t\t\t\t\n\n\t<div class=\"entry-content text\">\n\n\t\t<!-- blog headline-->\n\t\t<h5 class=\"entry-title\"><a href=\"https:\/\/mobilitatechisinau.md\/?p=9084\" rel=\"bookmark\">Repara\u021bia drumurilor de acces spre suburbiile Capitalei<\/a><\/h5> \n\n\t\t\n\t\t<p>Lucr\u0103rile de repara\u021bie curent\u0103 a carosabilului s-au desf\u0103\u0219urat \u00een anul 2021, pe o suprafa\u021b\u0103 total\u0103 d...<\/p>\t<\/div> \n\n\t<div class=\"entry-footer\">\n\n\t\t<a href=\"https:\/\/mobilitatechisinau.md\/?p=9084\" class=\"read_more\">Continue reading<\/a>\n\t<\/div>\n\n<!-- \/ blog box-->\n<\/div><\/article>\n<\/div>\n<\/div>\n\t\t<\/div>\n\t\t\t\t<\/div>\n\t\t\t\t\t<\/div>\n\t\t<\/div>\n\t\t\t\t\t<\/div>\n\t\t<\/section>\n\t\t\t\t<\/div>\n\t\t","protected":false},"excerpt":{"rendered":"<p>Repara\u021bia drumurilor de acces spre suburbiile Capitalei Lucr\u0103rile de repara\u021bie curent\u0103 a carosabilului s-au desf\u0103\u0219urat \u00een anul 2021, pe o suprafa\u021b\u0103 total\u0103 d&#8230; Continue reading<\/p>\n","protected":false},"author":1,"featured_media":0,"parent":0,"menu_order":0,"comment_status":"closed","ping_status":"closed","template":"","meta":{"footnotes":""},"class_list":["post-6831","page","type-page","status-publish","hentry"],"yoast_head":"<!-- This site is optimized with the Yoast SEO plugin v23.9 - https:\/\/yoast.com\/wordpress\/plugins\/seo\/ -->\n<title>Suburbii - mobilitatechisinau.md<\/title>\n<meta name=\"robots\" content=\"index, follow, max-snippet:-1, max-image-preview:large, max-video-preview:-1\" \/>\n<link rel=\"canonical\" href=\"https:\/\/mobilitatechisinau.md\/?page_id=6831\" \/>\n<meta property=\"og:locale\" content=\"ro_RO\" \/>\n<meta property=\"og:type\" content=\"article\" \/>\n<meta property=\"og:title\" content=\"Suburbii - mobilitatechisinau.md\" \/>\n<meta property=\"og:description\" content=\"Repara\u021bia drumurilor de acces spre suburbiile Capitalei Lucr\u0103rile de repara\u021bie curent\u0103 a carosabilului s-au desf\u0103\u0219urat \u00een anul 2021, pe o suprafa\u021b\u0103 total\u0103 d&#8230; Continue reading\" \/>\n<meta property=\"og:url\" content=\"https:\/\/mobilitatechisinau.md\/?page_id=6831\" \/>\n<meta property=\"og:site_name\" content=\"mobilitatechisinau.md\" \/>\n<meta property=\"article:publisher\" content=\"https:\/\/www.facebook.com\/DGTPCC\" \/>\n<meta property=\"article:modified_time\" content=\"2023-05-03T21:41:30+00:00\" \/>\n<meta name=\"twitter:card\" content=\"summary_large_image\" \/>\n<meta name=\"twitter:label1\" content=\"Timp estimat pentru citire\" \/>\n\t<meta name=\"twitter:data1\" content=\"4 minute\" \/>\n<script type=\"application\/ld+json\" class=\"yoast-schema-graph\">{\"@context\":\"https:\/\/schema.org\",\"@graph\":[{\"@type\":\"WebPage\",\"@id\":\"https:\/\/mobilitatechisinau.md\/?page_id=6831\",\"url\":\"https:\/\/mobilitatechisinau.md\/?page_id=6831\",\"name\":\"Suburbii - mobilitatechisinau.md\",\"isPartOf\":{\"@id\":\"https:\/\/mobilitatechisinau.md\/#website\"},\"datePublished\":\"2022-03-18T10:43:19+00:00\",\"dateModified\":\"2023-05-03T21:41:30+00:00\",\"breadcrumb\":{\"@id\":\"https:\/\/mobilitatechisinau.md\/?page_id=6831#breadcrumb\"},\"inLanguage\":\"ro-RO\",\"potentialAction\":[{\"@type\":\"ReadAction\",\"target\":[\"https:\/\/mobilitatechisinau.md\/?page_id=6831\"]}]},{\"@type\":\"BreadcrumbList\",\"@id\":\"https:\/\/mobilitatechisinau.md\/?page_id=6831#breadcrumb\",\"itemListElement\":[{\"@type\":\"ListItem\",\"position\":1,\"name\":\"Prima pagin\u0103\",\"item\":\"https:\/\/mobilitatechisinau.md\/\"},{\"@type\":\"ListItem\",\"position\":2,\"name\":\"Suburbii\"}]},{\"@type\":\"WebSite\",\"@id\":\"https:\/\/mobilitatechisinau.md\/#website\",\"url\":\"https:\/\/mobilitatechisinau.md\/\",\"name\":\"mobilitatechisinau.md\",\"description\":\"Direc\u0163ia General\u0103 Mobilitate Urban\u0103\",\"publisher\":{\"@id\":\"https:\/\/mobilitatechisinau.md\/#organization\"},\"potentialAction\":[{\"@type\":\"SearchAction\",\"target\":{\"@type\":\"EntryPoint\",\"urlTemplate\":\"https:\/\/mobilitatechisinau.md\/?s={search_term_string}\"},\"query-input\":{\"@type\":\"PropertyValueSpecification\",\"valueRequired\":true,\"valueName\":\"search_term_string\"}}],\"inLanguage\":\"ro-RO\"},{\"@type\":\"Organization\",\"@id\":\"https:\/\/mobilitatechisinau.md\/#organization\",\"name\":\"Direc\u0163ia general\u0103 transport public \u015fi c\u0103i de comunica\u0163ie\",\"url\":\"https:\/\/mobilitatechisinau.md\/\",\"logo\":{\"@type\":\"ImageObject\",\"inLanguage\":\"ro-RO\",\"@id\":\"https:\/\/mobilitatechisinau.md\/#\/schema\/logo\/image\/\",\"url\":\"https:\/\/dgtpcc.md\/wp-content\/uploads\/2022\/05\/DGTPCC-Chis\u0326ina\u0306u-new.jpg\",\"contentUrl\":\"https:\/\/dgtpcc.md\/wp-content\/uploads\/2022\/05\/DGTPCC-Chis\u0326ina\u0306u-new.jpg\",\"width\":304,\"height\":80,\"caption\":\"Direc\u0163ia general\u0103 transport public \u015fi c\u0103i de comunica\u0163ie\"},\"image\":{\"@id\":\"https:\/\/mobilitatechisinau.md\/#\/schema\/logo\/image\/\"},\"sameAs\":[\"https:\/\/www.facebook.com\/DGTPCC\"]}]}<\/script>\n<!-- \/ Yoast SEO plugin. -->","yoast_head_json":{"title":"Suburbii - mobilitatechisinau.md","robots":{"index":"index","follow":"follow","max-snippet":"max-snippet:-1","max-image-preview":"max-image-preview:large","max-video-preview":"max-video-preview:-1"},"canonical":"https:\/\/mobilitatechisinau.md\/?page_id=6831","og_locale":"ro_RO","og_type":"article","og_title":"Suburbii - mobilitatechisinau.md","og_description":"Repara\u021bia drumurilor de acces spre suburbiile Capitalei Lucr\u0103rile de repara\u021bie curent\u0103 a carosabilului s-au desf\u0103\u0219urat \u00een anul 2021, pe o suprafa\u021b\u0103 total\u0103 d&#8230; Continue reading","og_url":"https:\/\/mobilitatechisinau.md\/?page_id=6831","og_site_name":"mobilitatechisinau.md","article_publisher":"https:\/\/www.facebook.com\/DGTPCC","article_modified_time":"2023-05-03T21:41:30+00:00","twitter_card":"summary_large_image","twitter_misc":{"Timp estimat pentru citire":"4 minute"},"schema":{"@context":"https:\/\/schema.org","@graph":[{"@type":"WebPage","@id":"https:\/\/mobilitatechisinau.md\/?page_id=6831","url":"https:\/\/mobilitatechisinau.md\/?page_id=6831","name":"Suburbii - mobilitatechisinau.md","isPartOf":{"@id":"https:\/\/mobilitatechisinau.md\/#website"},"datePublished":"2022-03-18T10:43:19+00:00","dateModified":"2023-05-03T21:41:30+00:00","breadcrumb":{"@id":"https:\/\/mobilitatechisinau.md\/?page_id=6831#breadcrumb"},"inLanguage":"ro-RO","potentialAction":[{"@type":"ReadAction","target":["https:\/\/mobilitatechisinau.md\/?page_id=6831"]}]},{"@type":"BreadcrumbList","@id":"https:\/\/mobilitatechisinau.md\/?page_id=6831#breadcrumb","itemListElement":[{"@type":"ListItem","position":1,"name":"Prima pagin\u0103","item":"https:\/\/mobilitatechisinau.md\/"},{"@type":"ListItem","position":2,"name":"Suburbii"}]},{"@type":"WebSite","@id":"https:\/\/mobilitatechisinau.md\/#website","url":"https:\/\/mobilitatechisinau.md\/","name":"mobilitatechisinau.md","description":"Direc\u0163ia General\u0103 Mobilitate Urban\u0103","publisher":{"@id":"https:\/\/mobilitatechisinau.md\/#organization"},"potentialAction":[{"@type":"SearchAction","target":{"@type":"EntryPoint","urlTemplate":"https:\/\/mobilitatechisinau.md\/?s={search_term_string}"},"query-input":{"@type":"PropertyValueSpecification","valueRequired":true,"valueName":"search_term_string"}}],"inLanguage":"ro-RO"},{"@type":"Organization","@id":"https:\/\/mobilitatechisinau.md\/#organization","name":"Direc\u0163ia general\u0103 transport public \u015fi c\u0103i de comunica\u0163ie","url":"https:\/\/mobilitatechisinau.md\/","logo":{"@type":"ImageObject","inLanguage":"ro-RO","@id":"https:\/\/mobilitatechisinau.md\/#\/schema\/logo\/image\/","url":"https:\/\/dgtpcc.md\/wp-content\/uploads\/2022\/05\/DGTPCC-Chis\u0326ina\u0306u-new.jpg","contentUrl":"https:\/\/dgtpcc.md\/wp-content\/uploads\/2022\/05\/DGTPCC-Chis\u0326ina\u0306u-new.jpg","width":304,"height":80,"caption":"Direc\u0163ia general\u0103 transport public \u015fi c\u0103i de comunica\u0163ie"},"image":{"@id":"https:\/\/mobilitatechisinau.md\/#\/schema\/logo\/image\/"},"sameAs":["https:\/\/www.facebook.com\/DGTPCC"]}]}},"_links":{"self":[{"href":"https:\/\/mobilitatechisinau.md\/index.php?rest_route=\/wp\/v2\/pages\/6831","targetHints":{"allow":["GET"]}}],"collection":[{"href":"https:\/\/mobilitatechisinau.md\/index.php?rest_route=\/wp\/v2\/pages"}],"about":[{"href":"https:\/\/mobilitatechisinau.md\/index.php?rest_route=\/wp\/v2\/types\/page"}],"author":[{"embeddable":true,"href":"https:\/\/mobilitatechisinau.md\/index.php?rest_route=\/wp\/v2\/users\/1"}],"replies":[{"embeddable":true,"href":"https:\/\/mobilitatechisinau.md\/index.php?rest_route=%2Fwp%2Fv2%2Fcomments&post=6831"}],"version-history":[{"count":0,"href":"https:\/\/mobilitatechisinau.md\/index.php?rest_route=\/wp\/v2\/pages\/6831\/revisions"}],"wp:attachment":[{"href":"https:\/\/mobilitatechisinau.md\/index.php?rest_route=%2Fwp%2Fv2%2Fmedia&parent=6831"}],"curies":[{"name":"wp","href":"https:\/\/api.w.org\/{rel}","templated":true}]}}

<div data-elementor-type="wp-page" data-elementor-id="6831" class="elementor elementor-6831">
						<section class="elementor-section elementor-top-section elementor-element elementor-element-402e56f6 elementor-section-boxed elementor-section-height-default elementor-section-height-default default-style" data-id="402e56f6" data-element_type="section" data-settings="{&quot;rt_color_sets&quot;:&quot;default-style&quot;}">
						<div class="elementor-container elementor-column-gap-default">
					<div class="elementor-column elementor-col-100 elementor-top-column elementor-element elementor-element-1222725e" data-id="1222725e" data-element_type="column">
			<div class="elementor-widget-wrap elementor-element-populated">
						<div class="elementor-element elementor-element-3fb90156 elementor-widget elementor-widget-rt-blog" data-id="3fb90156" data-element_type="widget" data-widget_type="rt-blog.default">
				<div class="elementor-widget-container">
			
<div id="blog-dynamicID-272896" class="blog_list clearfix fixed_heights" data-column-width="3">
<div class="row clearfix">
<article id="9084" class="col col-sm-4 post-9084 post type-post status-publish format-standard has-post-thumbnail hentry category-suburbii"><div class="post-content-wrapper boxed">
 

<!-- blog box-->
				<figure class="featured_image featured_media">
			<a href="https://mobilitatechisinau.md/?p=9084" title="Reparația drumurilor de acces spre suburbiile Capitalei" class="imgeffect link featured_image"><img fetchpriority="high" decoding="async" src="https://mobilitatechisinau.md/wp-content/uploads/2022/12/3-1-480x316.jpg" alt="" class="" width="480" height="316" /></a>		
		</figure> 
		
					

	<div class="entry-content text">

		<!-- blog headline-->
		<h5 class="entry-title"><a href="https://mobilitatechisinau.md/?p=9084" rel="bookmark">Reparația drumurilor de acces spre suburbiile Capitalei</a></h5> 

		
		<p>Lucrările de reparație curentă a carosabilului s-au desfășurat în anul 2021, pe o suprafață totală d...</p>	</div> 

	<div class="entry-footer">

		<a href="https://mobilitatechisinau.md/?p=9084" class="read_more">Continue reading</a>
	</div>

<!-- / blog box-->
</div></article>
</div>
</div>
		</div>
				</div>
					</div>
		</div>
					</div>
		</section>
				</div>

<p>Reparația drumurilor de acces spre suburbiile Capitalei Lucrările de reparație curentă a carosabilului s-au desfășurat în anul 2021, pe o suprafață totală d&#8230; Continue reading</p>

<!-- This site is optimized with the Yoast SEO plugin v23.9 - https://yoast.com/wordpress/plugins/seo/ -->
<title>Suburbii - mobilitatechisinau.md</title>
<meta name="robots" content="index, follow, max-snippet:-1, max-image-preview:large, max-video-preview:-1" />
<link rel="canonical" href="https://mobilitatechisinau.md/?page_id=6831" />
<meta property="og:locale" content="ro_RO" />
<meta property="og:type" content="article" />
<meta property="og:title" content="Suburbii - mobilitatechisinau.md" />
<meta property="og:description" content="Reparația drumurilor de acces spre suburbiile Capitalei Lucrările de reparație curentă a carosabilului s-au desfășurat în anul 2021, pe o suprafață totală d&#8230; Continue reading" />
<meta property="og:url" content="https://mobilitatechisinau.md/?page_id=6831" />
<meta property="og:site_name" content="mobilitatechisinau.md" />
<meta property="article:publisher" content="https://www.facebook.com/DGTPCC" />
<meta property="article:modified_time" content="2023-05-03T21:41:30+00:00" />
<meta name="twitter:card" content="summary_large_image" />
<meta name="twitter:label1" content="Timp estimat pentru citire" />
	<meta name="twitter:data1" content="4 minute" />
<script type="application/ld+json" class="yoast-schema-graph">{"@context":"https://schema.org","@graph":[{"@type":"WebPage","@id":"https://mobilitatechisinau.md/?page_id=6831","url":"https://mobilitatechisinau.md/?page_id=6831","name":"Suburbii - mobilitatechisinau.md","isPartOf":{"@id":"https://mobilitatechisinau.md/#website"},"datePublished":"2022-03-18T10:43:19+00:00","dateModified":"2023-05-03T21:41:30+00:00","breadcrumb":{"@id":"https://mobilitatechisinau.md/?page_id=6831#breadcrumb"},"inLanguage":"ro-RO","potentialAction":[{"@type":"ReadAction","target":["https://mobilitatechisinau.md/?page_id=6831"]}]},{"@type":"BreadcrumbList","@id":"https://mobilitatechisinau.md/?page_id=6831#breadcrumb","itemListElement":[{"@type":"ListItem","position":1,"name":"Prima pagină","item":"https://mobilitatechisinau.md/"},{"@type":"ListItem","position":2,"name":"Suburbii"}]},{"@type":"WebSite","@id":"https://mobilitatechisinau.md/#website","url":"https://mobilitatechisinau.md/","name":"mobilitatechisinau.md","description":"Direcţia Generală Mobilitate Urbană","publisher":{"@id":"https://mobilitatechisinau.md/#organization"},"potentialAction":[{"@type":"SearchAction","target":{"@type":"EntryPoint","urlTemplate":"https://mobilitatechisinau.md/?s={search_term_string}"},"query-input":{"@type":"PropertyValueSpecification","valueRequired":true,"valueName":"search_term_string"}}],"inLanguage":"ro-RO"},{"@type":"Organization","@id":"https://mobilitatechisinau.md/#organization","name":"Direcţia generală transport public şi căi de comunicaţie","url":"https://mobilitatechisinau.md/","logo":{"@type":"ImageObject","inLanguage":"ro-RO","@id":"https://mobilitatechisinau.md/#/schema/logo/image/","url":"https://dgtpcc.md/wp-content/uploads/2022/05/DGTPCC-Chișinău-new.jpg","contentUrl":"https://dgtpcc.md/wp-content/uploads/2022/05/DGTPCC-Chișinău-new.jpg","width":304,"height":80,"caption":"Direcţia generală transport public şi căi de comunicaţie"},"image":{"@id":"https://mobilitatechisinau.md/#/schema/logo/image/"},"sameAs":["https://www.facebook.com/DGTPCC"]}]}</script>
<!-- / Yoast SEO plugin. -->

Reparația drumurilor de acces spre suburbiile Capitalei Lucrările de reparație curentă a carosabilului s-au desfășurat în anul 2021, pe o suprafață totală d&#8230; Continue reading

Prima pagină

Direcţia Generală Mobilitate Urbană

Direcţia generală transport public şi căi de comunicaţie
